= -k*g + g + 612. Suppose -g = -11*f + 800. List the prime factors of f.
2, 41
Let i = -6926 - -12006. List the prime factors of i.
2, 5, 127
Suppose 0 = 219*b - 223*b + 23956. List the prime factors of b.
53, 113
List the prime factors of (-1 - (-45974)/(-5))*(-880)/176 - 4.
3, 5, 613
Suppose -4*p + 6 = 5*c - 0, 26 = 5*p - 3*c. Let a be p/(-6) - 92/(-12). Let w = a - -4. List the prime factors of w.
11
Let i = 3586 - -6615. What are the prime factors of i?
101
Suppose 19*u - 121 = 183. Let l = 116 - u. What are the prime factors of l?
2, 5
Suppose 117*y + 5040 = 125*y. Suppose -2*l + t = -y, l - 3*t = 15 + 305. What are the prime factors of l?
2, 157
What are the prime factors of (4/16)/(12/488352)?
2, 5087
Suppose -101*o - 261870 = -130*o. What are the prime factors of o?
2, 3, 5, 7, 43
Suppose -5*n - 62 = -x - 13, 4*n = -5*x + 216. Let k = x + -39. Suppose k*q - 9*q + 108 = 0. List the prime factors of q.
3
Let m(x) = -x**3 - 27*x**2 - 40*x + 51. Let b be m(-29). Suppose 8*c - b = -3*c. What are the prime factors of c?
263
Let w(b) = -819*b + 1080. What are the prime factors of w(-32)?
2, 3, 379
Suppose 0 = -3*a + 5531 + 8152. List the prime factors of a.
4561
Let q = 2028 - 274. Suppose 0 = 13*x - 17588 + q. List the prime factors of x.
2, 3, 7, 29
Suppose 118534 = 14*a - 33478. List the prime factors of a.
2, 61, 89
Suppose 2116 = 4*t + 5*h, -12 = 4*h - 7*h. Suppose -t = -5*l + 3*l. Let s = l - 171. What are the prime factors of s?
7, 13
Suppose -10*z + 84 + 96 = 0. Suppose z*u - 6*u = 4200. List the prime factors of u.
2, 5, 7
Let v = 70 - 31. Suppose -c + v - 11 = 0. Suppose -36 - c = -q. What are the prime factors of q?
2
Let y be (-2)/24*-3 - (-1555)/4. Suppose 5*g - 3*a = -0*g + 1893, -y = -g - 2*a. List the prime factors of g.
3, 127
Let l = 89 - 85. Suppose -4*b = 0, 0 = -3*t + 7*b - l*b + 2064. Suppose 0 = 4*q + 12*q - t. List the prime factors of q.
43
Let g be ((-2)/(-8) - (-39)/(-12))*-1. Suppose -g*z = -7*z. Suppose -24*k + 25*k - 91 = z. List the prime factors of k.
7, 13
Let c = 8612 + -4983. What are the prime factors of c?
19, 191
Let r(v) = v**2 - 5*v + 9. Let p be r(4). Suppose 5*o = 3*b + 3351 - 746, -o - p*b + 549 = 0. What are the prime factors of o?
2, 131
Suppose -d - 15273 + 54696 = 3*h, 0 = -d - 6. List the prime factors of h.
3, 13, 337
Suppose -407*v = -219*v - 3227020. List the prime factors of v.
5, 3433
Suppose 0 = -3*r + 14260 - 3883. What are the prime factors of r?
3, 1153
Suppose 9452 = -122*x + 105*x. Let r = 409 - x. List the prime factors of r.
5, 193
Let r(n) = 7*n + 54. Let p = -29 + 111. Let a = -64 + p. What are the prime factors of r(a)?
2, 3, 5
Let d(g) = 34*g - 90. Let p(b) = -16*b + 45. Let h(t) = -6*d(t) - 11*p(t). Let k(f) = -f**2 - 4*f - 5. Let l be k(-4). List the prime factors of h(l).
5, 37
Let r = 51 + -39. Let h(d) = -d**3 + 11*d**2 + 12*d + 7. Let f be h(r). Suppose v = 59 - f. What are the prime factors of v?
2, 13
Suppose 71*f - 70*f - 36399 = -2*n, 0 = 4*f + 3*n - 145576. What are the prime factors of f?
151, 241
Let t be (-3)/((-3)/4) + 0. Suppose -21*l + 24 = 3*l. What are the prime factors of l/(-4) - ((-445)/t)/1?
3, 37
Suppose 0 = 2*w + 4*g - 45276, 22*w - 23*w - 4*g = -22638. List the prime factors of w.
2, 3, 7, 11
List the prime factors of (2494 - (-4 + -66)/7) + (-1 - 0).
2503
Let p = 143 + -145. Let g be (152/(-10))/((-10)/75). List the prime factors of ((g/4)/3)/(p/(-4)).
19
Let y(v) = -457*v + 9. Suppose -3*c + 2 = -m - 2, 5*m = -3*c - 2. List the prime factors of y(m).
2, 233
Suppose 5*p = 15, 4*d + 24 - 89 = p. Suppose d*r - 392 = 18*r. List the prime factors of (r/(-6))/(18/27).
2, 7
Let z = -12920 + 24034. List the prime factors of z.
2, 5557
Let q = -567 - -2861. List the prime factors of q.
2, 31, 37
Let f(y) = 2*y**3 - 42*y + 2. Let z be f(5). Suppose z*c = 48*c - 3744. List the prime factors of c.
2, 3, 13
Let x(b) = 10*b**2 - 27. Let i be x(6). Suppose i = 7*k - 269. List the prime factors of k.
2, 43
Suppose 68 = -29*s + 33*s. Suppose 0 = -s*d + 6645 + 7346. What are the prime factors of d?
823
Suppose -5535 = -70*f - 25*f + 3870. What are the prime factors of f?
3, 11
Suppose 18*k + 228948 = 356874 + 797742. List the prime factors of k.
2, 3, 2857
Let i = -69251 + 105235. List the prime factors of i.
2, 13, 173
Let i(l) = -307*l**2 + l + 1. Let y be i(-1). Let h = 573 + -775. Let d = h - y. List the prime factors of d.
3, 5, 7
Suppose 14*c - 243902 = 7*c + n, -2*c = 5*n - 69644. What are the prime factors of c?
2, 3, 5807
List the prime factors of 0 - (3339/18)/((-5)/50).
5, 7, 53
Let t(q) = 4*q + 6. Let p be t(-2). Let c be ((-1 - -2)*2)/p + -17. Let m = 4 - c. List the prime factors of m.
2, 11
Let v = 22801 + -15147. What are the prime factors of v?
2, 43, 89
Suppose 23*u - 24*u = -6. Suppose 0 = u*w + 3 - 501. Suppose -8*l - w = -323. List the prime factors of l.
2, 3, 5
Suppose -1631 = -3*j + 4*x, -2*j + 196 = 2*x - 896. Suppose -17*z = -577 - j. List the prime factors of z.
2, 3, 11
Let d(c) = -6*c**3 + 13*c**2 + 4*c + 36. Let r(y) = -13*y**3 + 24*y**2 + 7*y + 73. Let i(h) = 9*d(h) - 4*r(h). What are the prime factors of i(10)?
2, 53
Let t(k) = -10676*k - 273. List the prime factors of t(-2).
107, 197
Let n = 168 - -14. Suppose -3*r + 546 = 2*g, 0*g + 3*g + n = r. List the prime factors of r.
2, 7, 13
Suppose 3*c = -2*y + 69, 0 = -c + 1 - 2. Suppose y = -4*k + 4*n, 4*k = -0*k - 2*n - 6. List the prime factors of (1044/k)/(-3) - 1.
2, 43
Suppose 25*w - 11 + 11 = 0. Suppose -n + 493 = 5*m, w = -4*m - 0*m - 4. List the prime factors of n.
2, 3, 83
Let g = 6904 - 804. What are the prime factors of g?
2, 5, 61
Let a(z) = -2*z**3 + 5*z**2 - 5*z. Let i be a(2). Let u be (-240)/(-39) - i/(-39). Suppose -5*o - 111 = -u*o. What are the prime factors of o?
3, 37
Let o(t) be the third derivative of 105*t**4/8 + 11*t**3/3 + 143*t**2. List the prime factors of o(2).
2, 163
Let w = -16 - -10. Let r be (-1 - w)*(-18)/15. What are the prime factors of (-2079)/(-36) - r/(-8)?
3, 19
Suppose -5*m + 21520 = -6*y + 2*y, -4*y = -3*m + 12904. Suppose 8*k - m - 556 = 0. What are the prime factors of k?
2, 19
Let j(p) = 24*p**3 + 5*p**2 - 11*p - 22. What are the prime factors of j(7)?
2, 59, 71
Let x be (-2)/(-6) + (-10538)/6. Let s be (-3)/4*(-6300)/(-189). What are the prime factors of ((-85)/s - 4) + x/(-10)?
5, 7
Suppose -2*k + h + 19084 = 0, k - 2084 - 7461 = -h. List the prime factors of k.
3, 3181
Let f be (-2)/(-12)*-2 - (-15687)/(-81). Let c = 661 + f. List the prime factors of c.
467
Suppose 0 = -8*a + 43861 + 42203. List the prime factors of a.
2, 3, 11, 163
Let b(x) = x**2 + 7*x - 28. Let p be b(-10). Suppose 0*t = -p*t + 68. What are the prime factors of t?
2, 17
Suppose 9*a - 12288 = -1695. Let l = 2014 - a. List the prime factors of l.
3, 31
Suppose -18111*j + 18106*j + 109805 = 0. What are the prime factors of j?
21961
Let r(h) = 11*h**2 + 148*h + 80. What are the prime factors of r(14)?
2, 3, 359
Let b(z) = -4*z + 3. Let p be b(-13). Suppose -h = 5 - p. Suppose -5*k = -3*n + 34, 3*n - 4*k = -3*k + h. What are the prime factors of n?
2, 3
Suppose 2*a + 35 = 7*a. Let y(r) = 15*r - 4 - 31 - 6 + 13 - 10. What are the prime factors of y(a)?
67
Let g = 6859 - 4074. List the prime factors of g.
5, 557
Let m = 10801 + -58. What are the prime factors of m?
3, 3581
Let i be ((-194)/3)/((-2)/3). Suppose 2*u = i + 109. Suppose -4*v + u = -37. List the prime factors of v.
5, 7
List the prime factors of 2 + -5 + 1281244/89.
37, 389
Let i be -1*(0 - (3 - 5)). List the prime factors of 4 + (-14)/i + 388.
3, 7, 19
Suppose -5*s = 127*y - 125*y - 128907, 2*s + 4*y = 51566. What are the prime factors of s?
7, 29, 127
Let x = 5362 + 7483. List the prime factors of x.
5, 7, 367
Suppose -4*n + 10 = 4*l - 2*n, 2*l - 2*n - 20 = 0. Suppose -5*u = -f + 15, -5*f + 5 = l*u - 10. List the prime factors of ((-4)/f)/(3/((-2325)/10)).
2, 31
Suppose -d - 2*x = -0*d - 555, 4*d - 2268 = 4*x. Suppose -6*i + d = -85. What are the prime factors of i?
2, 3
Suppose -2*u + 3*a + 1552 = 0, 8*u - 5*u - 3*a - 2325 = 0. Suppose v - 2*f - u - 29 = 0, 3*v - 2414 = -2*f. List the prime factors of v.
2, 3, 67
Suppose 5*i - 2*i + 5*f - 10 = 0, 3*f = 4*i + 6. Suppose 0 = -o - i*o + 8. Suppose 6*a + 140 = o*a.